{"id":7,"date":"2011-09-08T15:45:40","date_gmt":"2011-09-08T13:45:40","guid":{"rendered":"http:\/\/ethik13.wordpress.com\/?page_id=5"},"modified":"2022-09-01T08:00:58","modified_gmt":"2022-09-01T06:00:58","slug":"anliegen","status":"publish","type":"page","link":"https:\/\/ethikblogs.de\/?page_id=7","title":{"rendered":"Anliegen"},"content":{"rendered":"\n<p>Dieses Weblog begleitet die Grundkurse Ethik am <a href=\"http:\/\/gymnasium-gerabronn.de\/\">Gymnasium Gerabronn<\/a> durch die Sekundarstufe II. Es ist uns Arbeitsbuch, philosophisches Tagebuch, Notizzettel, Terminkalender und vieles mehr sein.<\/p>\n\n\n\n<p>Ab\u00a0November 2012 wurde\u00a0das Weblog f\u00fcr ein Jahr durch Beitr\u00e4ge von Sch\u00fclern des <a href=\"http:\/\/www.petrinum-dorsten.de\/\">Petrinum Dorsten<\/a> bereichert.\u00a0Ab\u00a0November 2013 schrieben\u00a0Sch\u00fcler und Sch\u00fclerinnen der <a href=\"http:\/\/www.kas-koeln.de\">Kaiserin-Augusta-Schule<\/a> in K\u00f6ln mit. Beide Kooperationen sind inzwischen beendet. Wir hoffen auf\u00a0neue Mitschreiber \ud83d\ude42<\/p>\n\n\n\n<p>Wir freuen uns \u00fcber regen Austausch und interessante Diskussionen :-).<\/p>\n\n\n\n<h2 class=\"wp-block-heading\">Regeln<\/h2>\n\n\n\n<p>Kommentare von au\u00dferhalb freuen uns sehr und bringen unseren Austausch weiter. Neue Kommentare m\u00fcssen immer erst frei geschaltet werden, damit wir ein wenig Kontrolle dar\u00fcber haben und nicht vollgespamt werden. Bitte kommentiert sachlich und respektvoll. <\/p>\n\n\n\n<p>Aus Datenschutzgr\u00fcnden werden Sch\u00fclerinnen und Sch\u00fcler, die nicht mehr an unserer Schule sind gel\u00f6scht. Ihre Beitr\u00e4ge werden einem fiktiven &#8222;ehemaligen Nutzer&#8220; zugeordnet. Daher erhalten sie auch keine Mail mehr mit dem Hinweis, dass neue Kommentare eingegangen sind.  Kommentare bleiben unter dem jeweiligen Nutzernamen erhalten. <\/p>\n","protected":false},"excerpt":{"rendered":"<p>Dieses Weblog begleitet die Grundkurse Ethik am Gymnasium Gerabronn durch die Sekundarstufe II. Es ist uns Arbeitsbuch, philosophisches Tagebuch, Notizzettel, Terminkalender und vieles mehr sein. Ab\u00a0November 2012 wurde\u00a0das Weblog f\u00fcr ein Jahr durch Beitr\u00e4ge von Sch\u00fclern des Petrinum Dorsten bereichert.\u00a0Ab\u00a0November 2013 schrieben\u00a0Sch\u00fcler und Sch\u00fclerinnen der Kaiserin-Augusta-Schule in K\u00f6ln mit. Beide Kooperationen sind inzwischen beendet. Wir [&hellip;]<\/p>\n","protected":false},"author":2,"featured_media":0,"parent":0,"menu_order":0,"comment_status":"open","ping_status":"open","template":"","meta":{"footnotes":""},"class_list":["post-7","page","type-page","status-publish","hentry","missing-thumbnail"],"_links":{"self":[{"href":"https:\/\/ethikblogs.de\/index.php?rest_route=\/wp\/v2\/pages\/7","targetHints":{"allow":["GET"]}}],"collection":[{"href":"https:\/\/ethikblogs.de\/index.php?rest_route=\/wp\/v2\/pages"}],"about":[{"href":"https:\/\/ethikblogs.de\/index.php?rest_route=\/wp\/v2\/types\/page"}],"author":[{"embeddable":true,"href":"https:\/\/ethikblogs.de\/index.php?rest_route=\/wp\/v2\/users\/2"}],"replies":[{"embeddable":true,"href":"https:\/\/ethikblogs.de\/index.php?rest_route=%2Fwp%2Fv2%2Fcomments&post=7"}],"version-history":[{"count":2,"href":"https:\/\/ethikblogs.de\/index.php?rest_route=\/wp\/v2\/pages\/7\/revisions"}],"predecessor-version":[{"id":6557,"href":"https:\/\/ethikblogs.de\/index.php?rest_route=\/wp\/v2\/pages\/7\/revisions\/6557"}],"wp:attachment":[{"href":"https:\/\/ethikblogs.de\/index.php?rest_route=%2Fwp%2Fv2%2Fmedia&parent=7"}],"curies":[{"name":"wp","href":"https:\/\/api.w.org\/{rel}","templated":true}]}}

<p>Dieses Weblog begleitet die Grundkurse Ethik am <a href="http://gymnasium-gerabronn.de/">Gymnasium Gerabronn</a> durch die Sekundarstufe II. Es ist uns Arbeitsbuch, philosophisches Tagebuch, Notizzettel, Terminkalender und vieles mehr sein.</p>



<p>Ab November 2012 wurde das Weblog für ein Jahr durch Beiträge von Schülern des <a href="http://www.petrinum-dorsten.de/">Petrinum Dorsten</a> bereichert. Ab November 2013 schrieben Schüler und Schülerinnen der <a href="http://www.kas-koeln.de">Kaiserin-Augusta-Schule</a> in Köln mit. Beide Kooperationen sind inzwischen beendet. Wir hoffen auf neue Mitschreiber 🙂</p>



<p>Wir freuen uns über regen Austausch und interessante Diskussionen :-).</p>



<h2 class="wp-block-heading">Regeln</h2>



<p>Kommentare von außerhalb freuen uns sehr und bringen unseren Austausch weiter. Neue Kommentare müssen immer erst frei geschaltet werden, damit wir ein wenig Kontrolle darüber haben und nicht vollgespamt werden. Bitte kommentiert sachlich und respektvoll. </p>



<p>Aus Datenschutzgründen werden Schülerinnen und Schüler, die nicht mehr an unserer Schule sind gelöscht. Ihre Beiträge werden einem fiktiven &#8222;ehemaligen Nutzer&#8220; zugeordnet. Daher erhalten sie auch keine Mail mehr mit dem Hinweis, dass neue Kommentare eingegangen sind.  Kommentare bleiben unter dem jeweiligen Nutzernamen erhalten. </p>

<p>Dieses Weblog begleitet die Grundkurse Ethik am Gymnasium Gerabronn durch die Sekundarstufe II. Es ist uns Arbeitsbuch, philosophisches Tagebuch, Notizzettel, Terminkalender und vieles mehr sein. Ab November 2012 wurde das Weblog für ein Jahr durch Beiträge von Schülern des Petrinum Dorsten bereichert. Ab November 2013 schrieben Schüler und Schülerinnen der Kaiserin-Augusta-Schule in Köln mit. Beide Kooperationen sind inzwischen beendet. Wir [&hellip;]</p>
